hat is the hundreds digit of p?
2
Suppose 102*o - 517896 = -61854. What is the tens digit of o?
7
Suppose -16*c + 270 = 29*c. Let r(d) = 22*d**2 + 7*d + 4. Let i be r(7). Suppose 0 = -c*f + i + 591. What is the units digit of f?
7
Let t be ((-95)/10 - (-1)/1)/(1/10). Suppose -4*l + 486 = -4*g + 2*g, -2*g = -l + 129. Let h = l + t. What is the units digit of h?
4
What is the thousands digit of (0/(6/(-3)) - 14)*1113008/(-728)?
1
Let l(g) be the second derivative of -g**3/6 + 32*g**2 + 42*g. What is the tens digit of l(24)?
4
Suppose 4*t = 0, -292*i = -296*i - 5*t + 38548. What is the tens digit of i?
3
Let v(r) = -26*r**3 - 2*r**2 + 31*r + 455. What is the thousands digit of v(-12)?
4
Suppose 218*w - 106*w = 107*w + 89390. What is the thousands digit of w?
7
Let s(f) = -11*f**3 + 2*f**2 + 19*f - 18. Let t(q) = 11*q**3 - 3*q**2 - 18*q + 18. Let a(o) = -3*s(o) - 2*t(o). What is the tens digit of a(4)?
3
What is the hundreds digit of -18*(-9 - 1796/8)?
2
Let w(m) = -15824*m - 1016. What is the tens digit of w(-1)?
0
Let n(v) = -13*v**3 + 4*v**2 + 179*v + 218. What is the ten thousands digit of n(-16)?
5
Suppose -4*g + 2*g - 4*d = -48, 5*g - 5*d - 75 = 0. Let u(o) = 1 + o - 2*o + 6*o + 6. What is the units digit of u(g)?
7
What is the tens digit of (225/(-25))/((18/(-3424))/3)?
3
Suppose -3*w + 5*c - 1244 = 0, 2*w + c - 4*c = -831. Let y = -180 - w. What is the tens digit of y?
4
Let s be (-16)/(-24) + (1 - (-1120)/(-6)). Let h = s + 736. What is the tens digit of h?
5
Let s(v) = v**2 - 3*v - 4. Let o be s(0). What is the units digit of -2*2/(-4) + (-16)/o?
5
Let g be 8/(2 + 2)*9/6. Suppose 3*w - 162 = -2*f, 4*f + g*w - 89 = 241. What is the tens digit of f?
8
Let d = -55 + 50. Let h be -6*((-4)/6 + (d - -5)). Suppose h = -l + 73. What is the units digit of l?
9
Suppose 2*p + p + h - 20 = 0, p = -5*h + 16. Suppose -782 = p*v - 2216. Let k = v + -136. What is the tens digit of k?
0
Let j(u) = 5*u - 10. Let t be j(11). What is the hundreds digit of (-38)/285 + 28356/t?
6
Let w(d) = 28*d + 19. Let n be w(4). Suppose 13*j + n = 12*j. Let z = j + 234. What is the hundreds digit of z?
1
Let j = -1363 + 6597. Suppose 23*y - j = 3253. What is the units digit of y?
9
Let n be -6 - ((6 - 2656) + 0). Suppose -6396 = -16*h + n. What is the hundreds digit of h?
5
Let k(y) be the third derivative of y**5/60 + y**4/6 - 47*y**3/3 + 34*y**2 + 2*y. What is the tens digit of k(-28)?
7
Let n = 4895 - 3468. Let o = n - 376. What is the tens digit of o?
5
Let i = -10916 + 38969. What is the units digit of i?
3
Let h(f) = f**3 + 6*f**2 - 3*f - 1. Let w(m) = -13*m - 100. Let s be w(-8). What is the units digit of h(s)?
7
Let u(k) = -7*k + 1. Suppose 3*h = 2*q - 21, 4*q - 25 = -q + 2*h. Suppose -4 = 2*m, -q*y + 6*m - m = -1. What is the units digit of u(y)?
2
Let f = -4336 - -5502. What is the units digit of f?
6
Suppose 3*p - 48754 = -h, 0 = -61*p + 57*p + 5*h + 65018. What is the ten thousands digit of p?
1
Let z(t) = t - 2. Let q be (5 + 15)*(-2 + 5)/12. Let b be z(q). Suppose -3*v - 35 = -5*j, -3*v + b = 3*j + 6. What is the units digit of j?
4
Suppose -2*d + d = o - 38, 106 = 3*o - 5*d. Let r = o - 38. Let c = r + 25. What is the tens digit of c?
2
Let c = -972 + 14465. What is the ten thousands digit of c?
1
Suppose -60 = -8*u - 7*u. Let p(x) = 96*x - 29. What is the hundreds digit of p(u)?
3
Suppose -2*a = -2*l + 6, -3*l + 15 = -2*a + 5. Suppose 4*c + 3*d - 40 = -d, d = l*c - 40. Suppose c*u - 5*u = 1205. What is the units digit of u?
1
Let g(w) = -127*w**3 - w**2 + 2*w - 1. Let r be g(1). Let s = 381 + r. What is the units digit of s?
4
Suppose 485*a - 19395671 = 172*a. What is the units digit of a?
7
Let r(k) = k**3 + 5*k**2 - 3*k + 1. Suppose -w + 3*y = -32, 4*w - 4*y + 60 = 164. Suppose -5*b - w = -3. What is the units digit of r(b)?
9
Let s(i) = 22*i**2 - 1695. What is the tens digit of s(-41)?
8
Let n be 4/(-1) - (12 + 2952/(-6)). Let g = n + -261. What is the units digit of g?
5
Let a(b) = -b**3 - 4*b**2 - 3*b - 1. Let h be a(-2). Let g(n) = -7*n**3 - 3*n**2 + 5*n + 6. Let i be g(h). Let v = -27 + i. What is the tens digit of v?
2
Let d(s) = s**3 + 6*s**2 + 50*s - 554. What is the thousands digit of d(14)?
4
Suppose 23*i - 18205 - 28531 = 0. What is the hundreds digit of i?
0
Let v be -29*(0 - (3 + -2)). Let b = 3 + v. What is the tens digit of (-10)/(-32)*282 - 4/b?
8
Suppose 4*a - 2*a + b = 9, -5*a - 5*b + 35 = 0. Let y be a + (249/2)/((-9)/(-96)). What is the units digit of 4/18 - y/(-90)?
5
Suppose 0 = 4*d + 6 + 18. Let y(v) be the first derivative of -2*v**3/3 - 6*v**2 + 6*v - 268. What is the units digit of y(d)?
6
Let i(n) = n**3 - 8*n**2 - 7*n + 16. Let t be i(9). Let d = -29 + t. Suppose -d*a = -143 - 192. What is the tens digit of a?
6
What is the units digit of 73639/5 - ((-52)/10 + -15 + 20)?
8
Suppose 24*j + 13*j - 4264050 = -38*j. What is the thousands digit of j?
6
Suppose -63*u = 13*u - 1018020. What is the thousands digit of u?
3
Let j = 24483 - 24160. What is the hundreds digit of j?
3
Let t(d) be the first derivative of -d**4/4 + 20*d**3/3 + 11*d**2/2 - 78*d + 27. What is the units digit of t(19)?
2
What is the hundreds digit of (-1*6 + 247/39)*21 - -22103?
1
Let g = 18 + -7. Suppose i = 3*b - i - 1, 0 = b + 2*i - g. Suppose 5*a - 43 + 10 = 4*q, -b*q - 6 = 0. What is the units digit of a?
5
Let y(u) be the third derivative of -u**5/30 + u**4/3 - 3*u**3/2 + 39*u**2. Let g be y(7). Let t = 37 - g. What is the tens digit of t?
8
Let y be (-215)/(-30) + (1 - -2)/(-18). Let t(w) = -4*w**2 + 37*w - 4. What is the tens digit of t(y)?
5
Suppose -s - 9457 = -5*v, 3*v - 2*s = -366 + 6043. Suppose 469 = q - 5*h, 5*h + v = 3*q + q. What is the tens digit of q?
7
Let s = -4396 - -5425. What is the hundreds digit of s?
0
Let a(u) = 5*u**3 + 131*u**2 - 3*u - 25. What is the units digit of a(-26)?
9
Suppose 1352296 = 82*z - 13*z + 52*z. What is the ten thousands digit of z?
1
Let d = -3 - -6. Let f(y) = y**3 + 19*y**2 + 17*y - 12. Let j be f(-18). What is the tens digit of (d/j + (-3)/2)*-23?
2
Let t(m) = m**3 + 17*m**2 + 19*m + 4. Let v(p) = -p**2 + 3*p + 12. Let f be v(7). Let q be t(f). What is the tens digit of -14*q/24*3?
7
Suppose -3*x = -3*p - 4 + 7, 2 = 4*p - 2*x. Suppose 3*v - 28 = 5*z + 5*v, -2*z + 5*v + 12 = p. What is the units digit of -2*(-33 + -2) + z?
6
What is the tens digit of 16960 - 140/126*9?
5
Let q = -14 + 15. Let c be q/(4 - 1103/276). What is the tens digit of (8/6)/(4/c)?
9
Suppose -3643*z + 3015 = -3642*z. What is the hundreds digit of z?
0
Let o(i) = -2*i**2 + 5*i + 12. Let r be o(-2). Let v be (-110)/(-40) + r/8. Suppose 0*c - 2*c - 412 = -5*a, v = -2*c. What is the units digit of a?
2
Let l = 254 - 71. Let d = -64 + l. Let z = -58 + d. What is the tens digit of z?
6
Suppose 103*b - 109*b - 4698 = 0. What is the hundreds digit of ((-100)/(-15))/(3 - (-2343)/b)?
8
Let k(h) = -492*h + 2579. What is the tens digit of k(-10)?
9
Let d = 2674 + -1497. Let s = d - 386. What is the tens digit of s?
9
Suppose 4*u - 6*u = -1064. Let m be (u/(-16))/(-7)*(1 + 7). Suppose 40 + m = z. What is the units digit of z?
8
Let s = 36 - 34. Suppose 0 = s*q - 127 + 89. What is the units digit of q?
9
Let y(h) = h**3 + 6*h**2 + h - 15. Suppose -i = 4*i - v + 260, -3*v = i + 36. Let f = -47 - i. What is the hundreds digit of y(f)?
1
Suppose -107*j + 102*j + 30 = 0. Suppose -j*y + 2895 = -9*y. What is the units digit of (3 + 24/(-4))*y/15?
3
Let a be (693 - 6) + 12/2. Suppose 3825 = a*f - 690*f. What is the tens digit of f?
7
Suppose 3*r = 3*w - 804 + 3198, 4*w - 1620 = -2*r. Let y = r - 82. What is the tens digit of y?
2
Let o be 3 - (-5)/10*6. Suppose -o*g - 19*g = -6350. What is the hundreds digit of g?
2
Let i(z) = z**2 + z - 96. Suppose -y - 28 = 3*a, -3*y + 0*a + 3*a = 60. What is the hundreds digit of i(y)?
3
Suppose -58*g = -4*z - 57*g + 35372, 0 = -2*g - 8. What is the units digit of z?
2
Suppose 4*p - 3*w + 10 = 0, -2*p - 14 = 4*w + 2. What is the tens digit of ((-112)/(-21))/p*-702?
3
Let u(x) be the third derivative of 1/6*x**4 + 0*x - 1/10*x**5 - 1/120*x**6 + 0 + 4*x**2 - 11/6*x**3. What is the units digit of u(-7)?
0
Let f = 2806 - 1715. What is the thousands digit of f?
1
Let x = 9818 - -10010. What is the thousands digit of x?
9
Let